[INFO] cloning repository https://github.com/BorisKolganov/HRUSTTP
[INFO] running `Command { std: "git" "-c" "credential.helper=" "-c" "credential.helper=/workspace/cargo-home/bin/git-credential-null" "clone" "--bare" "https://github.com/BorisKolganov/HRUSTTP" "/workspace/cache/git-repos/https%3A%2F%2Fgithub.com%2FBorisKolganov%2FHRUSTTP", kill_on_drop: false }`
[INFO] [stderr] Cloning into bare repository '/workspace/cache/git-repos/https%3A%2F%2Fgithub.com%2FBorisKolganov%2FHRUSTTP'...
[INFO] running `Command { std: "git" "rev-parse" "HEAD", kill_on_drop: false }`
[INFO] [stdout] c9238a319e85baee7bfe440ddcdd534dabac553e
[INFO] checking BorisKolganov/HRUSTTP against try#72f88fc4e9458f89516a0b8b0868f3718aec5b47 for pr-74989
[INFO] running `Command { std: "git" "clone" "/workspace/cache/git-repos/https%3A%2F%2Fgithub.com%2FBorisKolganov%2FHRUSTTP" "/workspace/builds/worker-5/source", kill_on_drop: false }`
[INFO] [stderr] Cloning into '/workspace/builds/worker-5/source'...
[INFO] [stderr] done.
[INFO] validating manifest of git repo https://github.com/BorisKolganov/HRUSTTP on toolchain 72f88fc4e9458f89516a0b8b0868f3718aec5b47
[INFO] running `Command { std: "/workspace/cargo-home/bin/cargo" "+72f88fc4e9458f89516a0b8b0868f3718aec5b47" "read-manifest" "--manifest-path" "Cargo.toml", kill_on_drop: false }`
[INFO] started tweaking git repo https://github.com/BorisKolganov/HRUSTTP
[INFO] finished tweaking git repo https://github.com/BorisKolganov/HRUSTTP
[INFO] tweaked toml for git repo https://github.com/BorisKolganov/HRUSTTP written to /workspace/builds/worker-5/source/Cargo.toml
[INFO] crate git repo https://github.com/BorisKolganov/HRUSTTP already has a lockfile, it will not be regenerated
[INFO] running `Command { std: "/workspace/cargo-home/bin/cargo" "+72f88fc4e9458f89516a0b8b0868f3718aec5b47" "fetch" "--locked" "--manifest-path" "Cargo.toml", kill_on_drop: false }`
[INFO] [stderr] error: the lock file /workspace/builds/worker-5/source/Cargo.lock needs to be updated but --locked was passed to prevent this
[INFO] [stderr] If you want to try to generate the lock file without accessing the network, use the --offline flag.
[INFO] the lockfile is outdated, regenerating it
[INFO] running `Command { std: "/workspace/cargo-home/bin/cargo" "+72f88fc4e9458f89516a0b8b0868f3718aec5b47" "generate-lockfile" "--manifest-path" "Cargo.toml" "-Zno-index-update", kill_on_drop: false }`
[INFO] [stderr]     Updating git repository `https://github.com/servo/rust-url`
[INFO] running `Command { std: "/workspace/cargo-home/bin/cargo" "+72f88fc4e9458f89516a0b8b0868f3718aec5b47" "fetch" "--locked" "--manifest-path" "Cargo.toml", kill_on_drop: false }`
[INFO] [stderr]  Downloading crates ...
[INFO] [stderr]   Downloaded threadpool v0.1.4
[INFO] running `Command { std: "docker" "create" "-v" "/var/lib/crater-agent-workspace/builds/worker-5/target:/opt/rustwide/target:rw,Z" "-v" "/var/lib/crater-agent-workspace/builds/worker-5/source:/opt/rustwide/workdir:ro,Z" "-v" "/var/lib/crater-agent-workspace/cargo-home:/opt/rustwide/cargo-home:ro,Z" "-v" "/var/lib/crater-agent-workspace/rustup-home:/opt/rustwide/rustup-home:ro,Z" "-e" "SOURCE_DIR=/opt/rustwide/workdir" "-e" "CARGO_TARGET_DIR=/opt/rustwide/target" "-e" "CARGO_HOME=/opt/rustwide/cargo-home" "-e" "RUSTUP_HOME=/opt/rustwide/rustup-home" "-w" "/opt/rustwide/workdir" "-m" "1610612736" "--user" "0:0" "--network" "none" "rustops/crates-build-env@sha256:d92eaeed33fa75130ca1ee6c8a01d1ffb62bac859dfdfb3450e3e5d1c0146529" "/opt/rustwide/cargo-home/bin/cargo" "+72f88fc4e9458f89516a0b8b0868f3718aec5b47" "metadata" "--no-deps" "--format-version=1", kill_on_drop: false }`
[INFO] [stdout] e34807c0193de52fa691b4c564970d7312f07ae6585601730dbcccc8dcae26d6
[INFO] [stderr] WARNING: Your kernel does not support swap limit capabilities or the cgroup is not mounted. Memory limited without swap.
[INFO] running `Command { std: "docker" "start" "-a" "e34807c0193de52fa691b4c564970d7312f07ae6585601730dbcccc8dcae26d6", kill_on_drop: false }`
[INFO] running `Command { std: "docker" "inspect" "e34807c0193de52fa691b4c564970d7312f07ae6585601730dbcccc8dcae26d6", kill_on_drop: false }`
[INFO] running `Command { std: "docker" "rm" "-f" "e34807c0193de52fa691b4c564970d7312f07ae6585601730dbcccc8dcae26d6", kill_on_drop: false }`
[INFO] [stdout] e34807c0193de52fa691b4c564970d7312f07ae6585601730dbcccc8dcae26d6
[INFO] running `Command { std: "docker" "create" "-v" "/var/lib/crater-agent-workspace/builds/worker-5/target:/opt/rustwide/target:rw,Z" "-v" "/var/lib/crater-agent-workspace/builds/worker-5/source:/opt/rustwide/workdir:ro,Z" "-v" "/var/lib/crater-agent-workspace/cargo-home:/opt/rustwide/cargo-home:ro,Z" "-v" "/var/lib/crater-agent-workspace/rustup-home:/opt/rustwide/rustup-home:ro,Z" "-e" "SOURCE_DIR=/opt/rustwide/workdir" "-e" "CARGO_TARGET_DIR=/opt/rustwide/target" "-e" "CARGO_INCREMENTAL=0" "-e" "RUST_BACKTRACE=full" "-e" "RUSTFLAGS=--cap-lints=forbid" "-e" "CARGO_HOME=/opt/rustwide/cargo-home" "-e" "RUSTUP_HOME=/opt/rustwide/rustup-home" "-w" "/opt/rustwide/workdir" "-m" "1610612736" "--user" "0:0" "--network" "none" "rustops/crates-build-env@sha256:d92eaeed33fa75130ca1ee6c8a01d1ffb62bac859dfdfb3450e3e5d1c0146529" "/opt/rustwide/cargo-home/bin/cargo" "+72f88fc4e9458f89516a0b8b0868f3718aec5b47" "check" "--frozen" "--all" "--all-targets" "--message-format=json", kill_on_drop: false }`
[INFO] [stdout] 0d9ab246929fcd5ed98d2bc5ecc24a2c4537c3972cee47cb7d1ac29a6a6444b3
[INFO] [stderr] WARNING: Your kernel does not support swap limit capabilities or the cgroup is not mounted. Memory limited without swap.
[INFO] running `Command { std: "docker" "start" "-a" "0d9ab246929fcd5ed98d2bc5ecc24a2c4537c3972cee47cb7d1ac29a6a6444b3", kill_on_drop: false }`
[INFO] [stderr]     Blocking waiting for file lock on package cache
[INFO] [stderr]     Checking matches v0.1.8
[INFO] [stderr]     Checking percent-encoding v2.1.0 (https://github.com/servo/rust-url#a46bec6e)
[INFO] [stderr]     Checking threadpool v0.1.4
[INFO] [stderr]     Checking argparse v0.2.2
[INFO] [stderr]     Checking chrono v0.2.25
[INFO] [stderr]     Checking unicode-bidi v0.3.4
[INFO] [stderr]     Checking form_urlencoded v1.0.0 (https://github.com/servo/rust-url#a46bec6e)
[INFO] [stderr]     Checking idna v0.2.0 (https://github.com/servo/rust-url#a46bec6e)
[INFO] [stderr]     Checking url v2.1.1 (https://github.com/servo/rust-url#a46bec6e)
[INFO] [stderr]     Checking httpd v0.1.0 (/opt/rustwide/workdir)
[INFO] [stdout] error[E0432]: unresolved import `self::url::UrlParser`
[INFO] [stdout]   --> src/HRUSTTP/mod.rs:11:22
[INFO] [stdout]    |
[INFO] [stdout] 11 | use self::url::{Url, UrlParser};
[INFO] [stdout]    |                      ^^^^^^^^^
[INFO] [stdout]    |                      |
[INFO] [stdout]    |                      no `UrlParser` in the root
[INFO] [stdout]    |                      help: a similar name exists in the module: `Parser`
[INFO] [stdout] 
[INFO] [stdout] 
[INFO] [stdout] error[E0432]: unresolved import `self::url::percent_encoding`
[INFO] [stdout]   --> src/HRUSTTP/mod.rs:12:16
[INFO] [stdout]    |
[INFO] [stdout] 12 | use self::url::percent_encoding::lossy_utf8_percent_decode;
[INFO] [stdout]    |                ^^^^^^^^^^^^^^^^ could not find `percent_encoding` in `url`
[INFO] [stdout] 
[INFO] [stdout] 
[INFO] [stdout] error[E0432]: unresolved import `self::url::UrlParser`
[INFO] [stdout]   --> src/HRUSTTP/mod.rs:11:22
[INFO] [stdout]    |
[INFO] [stdout] 11 | use self::url::{Url, UrlParser};
[INFO] [stdout]    |                      ^^^^^^^^^
[INFO] [stdout]    |                      |
[INFO] [stdout]    |                      no `UrlParser` in the root
[INFO] [stdout]    |                      help: a similar name exists in the module: `Parser`
[INFO] [stdout] 
[INFO] [stdout] 
[INFO] [stdout] error[E0432]: unresolved import `self::url::percent_encoding`
[INFO] [stdout]   --> src/HRUSTTP/mod.rs:12:16
[INFO] [stdout]    |
[INFO] [stdout] 12 | use self::url::percent_encoding::lossy_utf8_percent_decode;
[INFO] [stdout]    |                ^^^^^^^^^^^^^^^^ could not find `percent_encoding` in `url`
[INFO] [stdout] 
[INFO] [stdout] 
[INFO] [stdout] warning: unused import: `Write`
[INFO] [stdout]  --> src/HRUSTTP/HttpHeader.rs:3:21
[INFO] [stdout]   |
[INFO] [stdout] 3 | use std::io::{Read, Write};
[INFO] [stdout]   |                     ^^^^^
[INFO] [stdout]   |
[INFO] [stdout]   = note: `#[warn(unused_imports)]` on by default
[INFO] [stdout] 
[INFO] [stdout] 
[INFO] [stdout] error: aborting due to 2 previous errors; 1 warning emitted
[INFO] [stdout] 
[INFO] [stdout] 
[INFO] [stdout] For more information about this error, try `rustc --explain E0432`.
[INFO] [stdout] 
[INFO] [stderr] error: could not compile `httpd`.
[INFO] [stderr] 
[INFO] [stderr] To learn more, run the command again with --verbose.
[INFO] [stderr] warning: build failed, waiting for other jobs to finish...
[INFO] [stdout] warning: unused import: `Write`
[INFO] [stdout]  --> src/HRUSTTP/HttpHeader.rs:3:21
[INFO] [stdout]   |
[INFO] [stdout] 3 | use std::io::{Read, Write};
[INFO] [stdout]   |                     ^^^^^
[INFO] [stdout]   |
[INFO] [stdout]   = note: `#[warn(unused_imports)]` on by default
[INFO] [stdout] 
[INFO] [stdout] 
[INFO] [stderr] error: build failed
[INFO] [stdout] error: aborting due to 2 previous errors; 1 warning emitted
[INFO] [stdout] 
[INFO] [stdout] 
[INFO] [stdout] For more information about this error, try `rustc --explain E0432`.
[INFO] [stdout] 
[INFO] running `Command { std: "docker" "inspect" "0d9ab246929fcd5ed98d2bc5ecc24a2c4537c3972cee47cb7d1ac29a6a6444b3", kill_on_drop: false }`
[INFO] running `Command { std: "docker" "rm" "-f" "0d9ab246929fcd5ed98d2bc5ecc24a2c4537c3972cee47cb7d1ac29a6a6444b3", kill_on_drop: false }`
[INFO] [stdout] 0d9ab246929fcd5ed98d2bc5ecc24a2c4537c3972cee47cb7d1ac29a6a6444b3
